{"id":7288,"date":"2023-02-02T16:10:49","date_gmt":"2023-02-02T15:10:49","guid":{"rendered":"https:\/\/foto-darceky.sk\/?post_type=product&#038;p=7288"},"modified":"2023-02-03T16:36:48","modified_gmt":"2023-02-03T15:36:48","slug":"foto-hrncek-ucitelke-latte-meno-kopia","status":"publish","type":"product","link":"https:\/\/foto-darceky.sk\/?product=foto-hrncek-ucitelke-latte-meno-kopia","title":{"rendered":"Foto kame\u0148 tatinko"},"content":{"rendered":"<p><strong>Aj tento kame\u0148 s va\u0161ou fotkou alebo mot\u00edvom m\u00f4\u017ee zdobi\u0165 v\u00e1\u0161 interi\u00e9r. V\u00fdnimo\u010dn\u00fd dar\u010dek pre va\u0161ich priate\u013eov a bl\u00edzkych.<\/strong><\/p>\n<ul>\n<li>Materi\u00e1l: granit, rozmery: 15\u00d720 cm, hmotnos\u0165 : 0,7 kg, pr\u00edslu\u0161enstvo v cene: podstavec z plastu<\/li>\n<li>Do pozn\u00e1mky m\u00f4\u017eete uvies\u0165 va\u0161e \u017eelania<\/li>\n<li>Sublima\u010dn\u00e1 potla\u010d, potla\u010den\u00e9 na na\u0161ich nov\u00fdch zariadeniach<\/li>\n<\/ul>\n","protected":false},"excerpt":{"rendered":"<p>Svoje n\u00e1vrhy \u010di fotografie na V\u00e1\u0161 fotodar\u010dek vkladajte v ko\u0161\u00edku pri objedn\u00e1vke.<\/p>\n<p>Sp\u00f4sob dopravy:<\/p>\n<p>V r\u00e1mci Slovenskej Republiky cez Slovensk\u00fa po\u0161tu na dobierku alebo prevodom na \u00fa\u010det do 2-3 pracovn\u00fdch dn\u00ed<\/p>\n<p>V r\u00e1mci \u010ceskej Republiky cez Slovensk\u00fa po\u0161tu na dobierku alebo prevodom na \u00fa\u010det do 3-5 pracovn\u00fdch dn\u00ed<\/p>\n","protected":false},"featured_media":7296,"comment_status":"open","ping_status":"closed","template":"","meta":{"jetpack_publicize_message":"","jetpack_is_tweetstorm":false,"jetpack_publicize_feature_enabled":true},"product_cat":[52],"product_tag":[],"jetpack_publicize_connections":[],"yoast_head":"<!-- This site is optimized with the Yoast SEO plugin v19.3 - https:\/\/yoast.com\/wordpress\/plugins\/seo\/ -->\n<title>Foto kame\u0148 tatinko - Foto dar\u010deky<\/title>\n<meta name=\"robots\" content=\"index, follow, max-snippet:-1, max-image-preview:large, max-video-preview:-1\" \/>\n<link rel=\"canonical\" href=\"https:\/\/foto-darceky.sk\/?product=foto-hrncek-ucitelke-latte-meno-kopia\" \/>\n<meta property=\"og:locale\" content=\"sk_SK\" \/>\n<meta property=\"og:type\" content=\"article\" \/>\n<meta property=\"og:title\" content=\"Foto kame\u0148 tatinko - Foto dar\u010deky\" \/>\n<meta property=\"og:description\" content=\"Svoje n\u00e1vrhy \u010di fotografie na V\u00e1\u0161 fotodar\u010dek vkladajte v ko\u0161\u00edku pri objedn\u00e1vke.  Sp\u00f4sob dopravy:  V r\u00e1mci Slovenskej Republiky cez Slovensk\u00fa po\u0161tu na dobierku alebo prevodom na \u00fa\u010det do 2-3 pracovn\u00fdch dn\u00ed  V r\u00e1mci \u010ceskej Republiky cez Slovensk\u00fa po\u0161tu na dobierku alebo prevodom na \u00fa\u010det do 3-5 pracovn\u00fdch dn\u00ed\" \/>\n<meta property=\"og:url\" content=\"https:\/\/foto-darceky.sk\/?product=foto-hrncek-ucitelke-latte-meno-kopia\" \/>\n<meta property=\"og:site_name\" content=\"Foto dar\u010deky\" \/>\n<meta property=\"article:modified_time\" content=\"2023-02-03T15:36:48+00:00\" \/>\n<meta property=\"og:image\" content=\"https:\/\/foto-darceky.sk\/wp-content\/uploads\/2023\/02\/tatko.jpg\" \/>\n\t<meta property=\"og:image:width\" content=\"2000\" \/>\n\t<meta property=\"og:image:height\" content=\"2000\" \/>\n\t<meta property=\"og:image:type\" content=\"image\/jpeg\" \/>\n<meta name=\"twitter:card\" content=\"summary_large_image\" \/>\n<meta name=\"twitter:label1\" content=\"Predpokladan\u00fd \u010das \u010d\u00edtania\" \/>\n\t<meta name=\"twitter:data1\" content=\"1 min\u00fata\" \/>\n<script type=\"application\/ld+json\" class=\"yoast-schema-graph\">{\"@context\":\"https:\/\/schema.org\",\"@graph\":[{\"@type\":\"Organization\",\"@id\":\"https:\/\/foto-darceky.sk\/#organization\",\"name\":\"Foto dar\u010deky\",\"url\":\"https:\/\/foto-darceky.sk\/\",\"sameAs\":[],\"logo\":{\"@type\":\"ImageObject\",\"inLanguage\":\"sk-SK\",\"@id\":\"https:\/\/foto-darceky.sk\/#\/schema\/logo\/image\/\",\"url\":\"https:\/\/foto-darceky.sk\/wp-content\/uploads\/2019\/01\/cropped-PicsArt_01-31-09.45.11-4.jpg\",\"contentUrl\":\"https:\/\/foto-darceky.sk\/wp-content\/uploads\/2019\/01\/cropped-PicsArt_01-31-09.45.11-4.jpg\",\"width\":1498,\"height\":742,\"caption\":\"Foto dar\u010deky\"},\"image\":{\"@id\":\"https:\/\/foto-darceky.sk\/#\/schema\/logo\/image\/\"}},{\"@type\":\"WebSite\",\"@id\":\"https:\/\/foto-darceky.sk\/#website\",\"url\":\"https:\/\/foto-darceky.sk\/\",\"name\":\"Foto dar\u010deky\",\"description\":\"Zachy\u0165 okamih kdeko\u013evek bude\u0161 a my ti z neho urob\u00edme do\u017eivotn\u00fa spomienku\",\"publisher\":{\"@id\":\"https:\/\/foto-darceky.sk\/#organization\"},\"potentialAction\":[{\"@type\":\"SearchAction\",\"target\":{\"@type\":\"EntryPoint\",\"urlTemplate\":\"https:\/\/foto-darceky.sk\/?s={search_term_string}\"},\"query-input\":\"required name=search_term_string\"}],\"inLanguage\":\"sk-SK\"},{\"@type\":\"ImageObject\",\"inLanguage\":\"sk-SK\",\"@id\":\"https:\/\/foto-darceky.sk\/?product=foto-hrncek-ucitelke-latte-meno-kopia#primaryimage\",\"url\":\"https:\/\/foto-darceky.sk\/wp-content\/uploads\/2023\/02\/tatko.jpg\",\"contentUrl\":\"https:\/\/foto-darceky.sk\/wp-content\/uploads\/2023\/02\/tatko.jpg\",\"width\":2000,\"height\":2000},{\"@type\":\"WebPage\",\"@id\":\"https:\/\/foto-darceky.sk\/?product=foto-hrncek-ucitelke-latte-meno-kopia\",\"url\":\"https:\/\/foto-darceky.sk\/?product=foto-hrncek-ucitelke-latte-meno-kopia\",\"name\":\"Foto kame\u0148 tatinko - Foto dar\u010deky\",\"isPartOf\":{\"@id\":\"https:\/\/foto-darceky.sk\/#website\"},\"primaryImageOfPage\":{\"@id\":\"https:\/\/foto-darceky.sk\/?product=foto-hrncek-ucitelke-latte-meno-kopia#primaryimage\"},\"datePublished\":\"2023-02-02T15:10:49+00:00\",\"dateModified\":\"2023-02-03T15:36:48+00:00\",\"breadcrumb\":{\"@id\":\"https:\/\/foto-darceky.sk\/?product=foto-hrncek-ucitelke-latte-meno-kopia#breadcrumb\"},\"inLanguage\":\"sk-SK\",\"potentialAction\":[{\"@type\":\"ReadAction\",\"target\":[\"https:\/\/foto-darceky.sk\/?product=foto-hrncek-ucitelke-latte-meno-kopia\"]}]},{\"@type\":\"BreadcrumbList\",\"@id\":\"https:\/\/foto-darceky.sk\/?product=foto-hrncek-ucitelke-latte-meno-kopia#breadcrumb\",\"itemListElement\":[{\"@type\":\"ListItem\",\"position\":1,\"name\":\"Home\",\"item\":\"https:\/\/foto-darceky.sk\/\"},{\"@type\":\"ListItem\",\"position\":2,\"name\":\"Obchod\",\"item\":\"https:\/\/foto-darceky.sk\/?page_id=248\"},{\"@type\":\"ListItem\",\"position\":3,\"name\":\"Foto kame\u0148 tatinko\"}]}]}<\/script>\n<!-- \/ Yoast SEO plugin. -->","yoast_head_json":{"title":"Foto kame\u0148 tatinko - Foto dar\u010deky","robots":{"index":"index","follow":"follow","max-snippet":"max-snippet:-1","max-image-preview":"max-image-preview:large","max-video-preview":"max-video-preview:-1"},"canonical":"https:\/\/foto-darceky.sk\/?product=foto-hrncek-ucitelke-latte-meno-kopia","og_locale":"sk_SK","og_type":"article","og_title":"Foto kame\u0148 tatinko - Foto dar\u010deky","og_description":"Svoje n\u00e1vrhy \u010di fotografie na V\u00e1\u0161 fotodar\u010dek vkladajte v ko\u0161\u00edku pri objedn\u00e1vke.  Sp\u00f4sob dopravy:  V r\u00e1mci Slovenskej Republiky cez Slovensk\u00fa po\u0161tu na dobierku alebo prevodom na \u00fa\u010det do 2-3 pracovn\u00fdch dn\u00ed  V r\u00e1mci \u010ceskej Republiky cez Slovensk\u00fa po\u0161tu na dobierku alebo prevodom na \u00fa\u010det do 3-5 pracovn\u00fdch dn\u00ed","og_url":"https:\/\/foto-darceky.sk\/?product=foto-hrncek-ucitelke-latte-meno-kopia","og_site_name":"Foto dar\u010deky","article_modified_time":"2023-02-03T15:36:48+00:00","og_image":[{"width":2000,"height":2000,"url":"https:\/\/foto-darceky.sk\/wp-content\/uploads\/2023\/02\/tatko.jpg","type":"image\/jpeg"}],"twitter_card":"summary_large_image","twitter_misc":{"Predpokladan\u00fd \u010das \u010d\u00edtania":"1 min\u00fata"},"schema":{"@context":"https:\/\/schema.org","@graph":[{"@type":"Organization","@id":"https:\/\/foto-darceky.sk\/#organization","name":"Foto dar\u010deky","url":"https:\/\/foto-darceky.sk\/","sameAs":[],"logo":{"@type":"ImageObject","inLanguage":"sk-SK","@id":"https:\/\/foto-darceky.sk\/#\/schema\/logo\/image\/","url":"https:\/\/foto-darceky.sk\/wp-content\/uploads\/2019\/01\/cropped-PicsArt_01-31-09.45.11-4.jpg","contentUrl":"https:\/\/foto-darceky.sk\/wp-content\/uploads\/2019\/01\/cropped-PicsArt_01-31-09.45.11-4.jpg","width":1498,"height":742,"caption":"Foto dar\u010deky"},"image":{"@id":"https:\/\/foto-darceky.sk\/#\/schema\/logo\/image\/"}},{"@type":"WebSite","@id":"https:\/\/foto-darceky.sk\/#website","url":"https:\/\/foto-darceky.sk\/","name":"Foto dar\u010deky","description":"Zachy\u0165 okamih kdeko\u013evek bude\u0161 a my ti z neho urob\u00edme do\u017eivotn\u00fa spomienku","publisher":{"@id":"https:\/\/foto-darceky.sk\/#organization"},"potentialAction":[{"@type":"SearchAction","target":{"@type":"EntryPoint","urlTemplate":"https:\/\/foto-darceky.sk\/?s={search_term_string}"},"query-input":"required name=search_term_string"}],"inLanguage":"sk-SK"},{"@type":"ImageObject","inLanguage":"sk-SK","@id":"https:\/\/foto-darceky.sk\/?product=foto-hrncek-ucitelke-latte-meno-kopia#primaryimage","url":"https:\/\/foto-darceky.sk\/wp-content\/uploads\/2023\/02\/tatko.jpg","contentUrl":"https:\/\/foto-darceky.sk\/wp-content\/uploads\/2023\/02\/tatko.jpg","width":2000,"height":2000},{"@type":"WebPage","@id":"https:\/\/foto-darceky.sk\/?product=foto-hrncek-ucitelke-latte-meno-kopia","url":"https:\/\/foto-darceky.sk\/?product=foto-hrncek-ucitelke-latte-meno-kopia","name":"Foto kame\u0148 tatinko - Foto dar\u010deky","isPartOf":{"@id":"https:\/\/foto-darceky.sk\/#website"},"primaryImageOfPage":{"@id":"https:\/\/foto-darceky.sk\/?product=foto-hrncek-ucitelke-latte-meno-kopia#primaryimage"},"datePublished":"2023-02-02T15:10:49+00:00","dateModified":"2023-02-03T15:36:48+00:00","breadcrumb":{"@id":"https:\/\/foto-darceky.sk\/?product=foto-hrncek-ucitelke-latte-meno-kopia#breadcrumb"},"inLanguage":"sk-SK","potentialAction":[{"@type":"ReadAction","target":["https:\/\/foto-darceky.sk\/?product=foto-hrncek-ucitelke-latte-meno-kopia"]}]},{"@type":"BreadcrumbList","@id":"https:\/\/foto-darceky.sk\/?product=foto-hrncek-ucitelke-latte-meno-kopia#breadcrumb","itemListElement":[{"@type":"ListItem","position":1,"name":"Home","item":"https:\/\/foto-darceky.sk\/"},{"@type":"ListItem","position":2,"name":"Obchod","item":"https:\/\/foto-darceky.sk\/?page_id=248"},{"@type":"ListItem","position":3,"name":"Foto kame\u0148 tatinko"}]}]}},"jetpack_sharing_enabled":true,"_links":{"self":[{"href":"https:\/\/foto-darceky.sk\/index.php?rest_route=\/wp\/v2\/product\/7288"}],"collection":[{"href":"https:\/\/foto-darceky.sk\/index.php?rest_route=\/wp\/v2\/product"}],"about":[{"href":"https:\/\/foto-darceky.sk\/index.php?rest_route=\/wp\/v2\/types\/product"}],"replies":[{"embeddable":true,"href":"https:\/\/foto-darceky.sk\/index.php?rest_route=%2Fwp%2Fv2%2Fcomments&post=7288"}],"wp:featuredmedia":[{"embeddable":true,"href":"https:\/\/foto-darceky.sk\/index.php?rest_route=\/wp\/v2\/media\/7296"}],"wp:attachment":[{"href":"https:\/\/foto-darceky.sk\/index.php?rest_route=%2Fwp%2Fv2%2Fmedia&parent=7288"}],"wp:term":[{"taxonomy":"product_cat","embeddable":true,"href":"https:\/\/foto-darceky.sk\/index.php?rest_route=%2Fwp%2Fv2%2Fproduct_cat&post=7288"},{"taxonomy":"product_tag","embeddable":true,"href":"https:\/\/foto-darceky.sk\/index.php?rest_route=%2Fwp%2Fv2%2Fproduct_tag&post=7288"}],"curies":[{"name":"wp","href":"https:\/\/api.w.org\/{rel}","templated":true}]}}